{"id":2,"date":"2022-02-14T16:31:48","date_gmt":"2022-02-14T15:31:48","guid":{"rendered":"http:\/\/paulanthonymille.com\/charpentiers\/?page_id=2"},"modified":"2022-08-01T12:57:33","modified_gmt":"2022-08-01T10:57:33","slug":"page-d-exemple","status":"publish","type":"page","link":"http:\/\/paulanthonymille.com\/charpentiers\/page-d-exemple\/","title":{"rendered":"INTERVIEW"},"content":{"rendered":"\n<blockquote class=\"wp-block-quote is-layout-flow wp-block-quote-is-layout-flow\"><p><em>\u00c0 l\u2019occasion de la sortie de son dernier film Paul-Anthony Mille s\u2019est confi\u00e9 sur sa sensibilit\u00e9 artistique, les coulisses de son film et son engagement cin\u00e9matographique.&nbsp;<\/em><\/p><\/blockquote>\n\n\n\n<p><strong>D\u2019o\u00f9 est venu le projet des Charpentiers de Babel ?<\/strong><\/p>\n\n\n\n<p>De l\u2019oeuvre de Bernanos et de ses personnages qui combattent un syst\u00e8me qui les oppresse. Le personnage du p\u00e8re Gaston Froissard est un pr\u00e9texte pour parler d\u2019un sujet qui touche au fond tout le monde. Il s\u2019agit de la mani\u00e8re dont nos vocations intimes, personnelles et spirituelles sont aujourd\u2019hui malmen\u00e9es par un syst\u00e8me devenu compl\u00e8tement fou.<\/p>\n\n\n\n<figure class=\"wp-block-image size-large\"><img loading=\"lazy\" decoding=\"async\" width=\"1024\" height=\"429\" src=\"http:\/\/paulanthonymille.com\/charpentiers\/wp-content\/uploads\/2022\/02\/Aours26-1024x429.jpg\" alt=\"\" class=\"wp-image-109\" srcset=\"http:\/\/paulanthonymille.com\/charpentiers\/wp-content\/uploads\/2022\/02\/Aours26-1024x429.jpg 1024w, http:\/\/paulanthonymille.com\/charpentiers\/wp-content\/uploads\/2022\/02\/Aours26-300x126.jpg 300w, http:\/\/paulanthonymille.com\/charpentiers\/wp-content\/uploads\/2022\/02\/Aours26-768x322.jpg 768w, http:\/\/paulanthonymille.com\/charpentiers\/wp-content\/uploads\/2022\/02\/Aours26-1536x644.jpg 1536w, http:\/\/paulanthonymille.com\/charpentiers\/wp-content\/uploads\/2022\/02\/Aours26-2048x858.jpg 2048w\" sizes=\"auto, (max-width: 1024px) 100vw, 1024px\" \/><\/figure>\n\n\n\n<p><strong>Comment la production a t-elle commenc\u00e9e&nbsp;<\/strong>?<\/p>\n\n\n\n<p>Suite \u00e0 la projection de mon deuxi\u00e8me film <em>Laissons les morts engloutir les morts<\/em> j\u2019ai pu faire la rencontre de Michel Bri\u00e8re, aum\u00f4nier des Beaux-Arts de Paris.<\/p>\n\n\n\n<p>Apr\u00e8s plusieurs discussions hors du temps mais profond\u00e9ment ancr\u00e9 dans les soucis de notre \u00e9poque, le p\u00e8re Bri\u00e8re se dessinait \u00e0 moi comme un personnage \u00e0 la fois id\u00e9aliste, r\u00e9formiste et visionnaire. Au fur et \u00e0 mesure de nos discussions, un curieux m\u00e9lange entre sa sagesse et mon envie d\u2019en d\u00e9coudre avec ce monde plein d\u2019injustice donna naissance au personnage du p\u00e8re Gaston Froissard.<\/p>\n\n\n\n<figure class=\"wp-block-image size-large\"><img loading=\"lazy\" decoding=\"async\" width=\"1024\" height=\"429\" src=\"http:\/\/paulanthonymille.com\/charpentiers\/wp-content\/uploads\/2022\/02\/Aours2-1-1-1024x429.jpg\" alt=\"\" class=\"wp-image-100\" srcset=\"http:\/\/paulanthonymille.com\/charpentiers\/wp-content\/uploads\/2022\/02\/Aours2-1-1-1024x429.jpg 1024w, http:\/\/paulanthonymille.com\/charpentiers\/wp-content\/uploads\/2022\/02\/Aours2-1-1-300x126.jpg 300w, http:\/\/paulanthonymille.com\/charpentiers\/wp-content\/uploads\/2022\/02\/Aours2-1-1-768x322.jpg 768w, http:\/\/paulanthonymille.com\/charpentiers\/wp-content\/uploads\/2022\/02\/Aours2-1-1-1536x644.jpg 1536w, http:\/\/paulanthonymille.com\/charpentiers\/wp-content\/uploads\/2022\/02\/Aours2-1-1-2048x858.jpg 2048w\" sizes=\"auto, (max-width: 1024px) 100vw, 1024px\" \/><\/figure>\n\n\n\n<p><strong>L\u2019\u00c9glise vous a-t\u2019elle soutenu dans ce projet ?<\/strong><\/p>\n\n\n\n<p>Bien \u00e9videmment, sans eux il n\u2019y aurait pas eu ce film. L\u2019\u00c9glise, comme toute organisation politique est souvent tr\u00e8s consciente d\u2019elle-m\u00eame et de ses erreurs. Le film traite des contradictions qu\u2019il y a \u00e0 l\u2019int\u00e9rieur de cette organisation mill\u00e9naire.<\/p>\n\n\n\n<p>Le p\u00e8re Froissard cherche les racines de l\u2019Eglise, s\u2019\u00e9chapper du dogme, retrouver la foi ancestrale de ses p\u00e8res. C\u2019est une m\u00e9taphore universelle car tout le monde aujourd\u2019hui veut retourner \u00e0 quelque chose de plus simple et d\u2019essentiel, sinon le monde et ses habitants iront \u00e0 leur perte \u2026<\/p>\n\n\n\n<p><strong>Pourquoi Jonathan Pineau-Bonetti ?<\/strong><\/p>\n\n\n\n<figure class=\"wp-block-image size-large\"><img loading=\"lazy\" decoding=\"async\" width=\"1024\" height=\"429\" src=\"http:\/\/paulanthonymille.com\/charpentiers\/wp-content\/uploads\/2022\/02\/Aours22-1024x429.jpg\" alt=\"\" class=\"wp-image-99\" srcset=\"http:\/\/paulanthonymille.com\/charpentiers\/wp-content\/uploads\/2022\/02\/Aours22-1024x429.jpg 1024w, http:\/\/paulanthonymille.com\/charpentiers\/wp-content\/uploads\/2022\/02\/Aours22-300x126.jpg 300w, http:\/\/paulanthonymille.com\/charpentiers\/wp-content\/uploads\/2022\/02\/Aours22-768x322.jpg 768w, http:\/\/paulanthonymille.com\/charpentiers\/wp-content\/uploads\/2022\/02\/Aours22-1536x644.jpg 1536w, http:\/\/paulanthonymille.com\/charpentiers\/wp-content\/uploads\/2022\/02\/Aours22-2048x858.jpg 2048w\" sizes=\"auto, (max-width: 1024px) 100vw, 1024px\" \/><\/figure>\n\n\n\n<p>Je ne voulais surtout pas d\u2019un pr\u00eatre qui transpire le cl\u00e9ricalisme. Le p\u00e8re Bri\u00e8re me racontait la vie des pr\u00eatres ouvriers dans les ann\u00e9es soixante, leur engagement et leur radicalit\u00e9, il y avait l\u00e0 tout un paysage catholique d\u2019une grande diversit\u00e9 qui s\u2019est \u00e9videment gentrifi\u00e9 depuis un si\u00e8cle. J\u2019ai donc tr\u00e8s vite pens\u00e9 \u00e0 Jonathan, anti-cl\u00e9rical, communiste engag\u00e9 et anti-capitaliste, il porte en lui une r\u00e9volte. Il est pour moi la v\u00e9ritable incarnation de ce que devrait \u00eatre l\u2019engagement des pr\u00eatres d\u2019aujourd\u2019hui, \u00e0 l\u2019image de la figure du Christ : Un v\u00e9ritable anarchiste.<\/p>\n\n\n\n<p><strong>Gaston Froissard n\u2019aime pas le monde moderne apparement ?<\/strong><\/p>\n\n\n\n<p>Il est moins s\u00e9v\u00e8re que cela. Il tente de s\u2019int\u00e9grer, de jouer le jeu, mais \u00e7a ne semble pas coller. Il c\u00f4toie sa s\u0153ur et son entourage Parisien qui ont des aspirations tr\u00e8s \u00e9loign\u00e9es de ses pr\u00e9-occupations spirituelles. De mani\u00e8re quasi absurde ils comblent leur absence spirituelle par des week-ends \u00e0 la campagne qu\u2019ils ritualisent comme les premi\u00e8res c\u00e9r\u00e9monies pa\u00efennes. Pour Gaston, ce monde moderne s\u2019est \u00e9gar\u00e9, il est revenu \u00e0 quelque chose de primitif, ancestral mais compl\u00e8tement auto-centr\u00e9 et narcissique. C\u2019est un dialogue complexe qui op\u00e8re \u00e0 l\u2019int\u00e9rieur de Gaston entre le monde moderne et les traditions qui \u00e9videmment est plein de contradictions.<\/p>\n\n\n\n<figure class=\"wp-block-image size-large\"><img loading=\"lazy\" decoding=\"async\" width=\"1024\" height=\"429\" src=\"http:\/\/paulanthonymille.com\/charpentiers\/wp-content\/uploads\/2022\/02\/Aours20-1024x429.jpg\" alt=\"\" class=\"wp-image-16\" srcset=\"http:\/\/paulanthonymille.com\/charpentiers\/wp-content\/uploads\/2022\/02\/Aours20-1024x429.jpg 1024w, http:\/\/paulanthonymille.com\/charpentiers\/wp-content\/uploads\/2022\/02\/Aours20-300x126.jpg 300w, http:\/\/paulanthonymille.com\/charpentiers\/wp-content\/uploads\/2022\/02\/Aours20-768x322.jpg 768w, http:\/\/paulanthonymille.com\/charpentiers\/wp-content\/uploads\/2022\/02\/Aours20-1536x644.jpg 1536w, http:\/\/paulanthonymille.com\/charpentiers\/wp-content\/uploads\/2022\/02\/Aours20-2048x858.jpg 2048w\" sizes=\"auto, (max-width: 1024px) 100vw, 1024px\" \/><\/figure>\n\n\n\n<p><strong>Les Charpentiers de Babel est donc un film militant ?<\/strong><\/p>\n\n\n\n<p>C\u2019est un hymne d\u2019amour au militantisme ! Je reste persuad\u00e9 que l\u2019avenir du cin\u00e9ma ne se fera que s\u2019il reste engag\u00e9 et militant. C\u2019est ce qui le diff\u00e9renciera de tous les autres arts audiovisuels. Ce sera la condition sine qua non pour que les auteurs se mettent \u00e0 faire du cin\u00e9ma. Le cin\u00e9ma devra regagner sa l\u00e9gitimit\u00e9 par sa radicalit\u00e9, et cela correspond aux besoins de de notre si\u00e8cle.\u00a0<\/p>\n\n\n\n<figure class=\"wp-block-image size-large\"><img loading=\"lazy\" decoding=\"async\" width=\"1024\" height=\"429\" src=\"http:\/\/paulanthonymille.com\/charpentiers\/wp-content\/uploads\/2022\/02\/Aours31-1024x429.jpg\" alt=\"\" class=\"wp-image-149\" srcset=\"http:\/\/paulanthonymille.com\/charpentiers\/wp-content\/uploads\/2022\/02\/Aours31-1024x429.jpg 1024w, http:\/\/paulanthonymille.com\/charpentiers\/wp-content\/uploads\/2022\/02\/Aours31-300x126.jpg 300w, http:\/\/paulanthonymille.com\/charpentiers\/wp-content\/uploads\/2022\/02\/Aours31-768x322.jpg 768w, http:\/\/paulanthonymille.com\/charpentiers\/wp-content\/uploads\/2022\/02\/Aours31-1536x644.jpg 1536w, http:\/\/paulanthonymille.com\/charpentiers\/wp-content\/uploads\/2022\/02\/Aours31-2048x858.jpg 2048w\" sizes=\"auto, (max-width: 1024px) 100vw, 1024px\" \/><\/figure>\n\n\n\n<p><strong>Radicalit\u00e9 spirituelle, cela semble dangereux non ?<\/strong><\/p>\n\n\n\n<p>Absolument pas et c\u2019est un des sujets important des Charpentiers de Babel.<\/p>\n\n\n\n<p>Ce qui est ennuyeux c\u2019est le pros\u00e9lytisme, or Gaston Froissard croise certains personnages aux envies d\u2019\u00e9vang\u00e9lisation, et on se rend vite compte que ce sont des intentions politiques et non spirituelles qui guident ces personnages. Leur foi est devenu un sentiment ti\u00e8de ou d\u00e9sesp\u00e9r\u00e9.&nbsp;<\/p>\n\n\n\n<p>Or la foi, comme le dit le Cur\u00e9 au d\u00e9but du film est une flamme ardente qui a besoin aujourd\u2019hui d\u2019\u00eatre re-anim\u00e9e, c\u2019est quelque chose qui sommeille en nous tous et ce n\u2019est qu\u2019en faisant des choix radicaux dans la vie modernis\u00e9e et aseptis\u00e9e qu\u2019on peut y acc\u00e9der.<\/p>\n","protected":false},"excerpt":{"rendered":"<p>\u00c0 l\u2019occasion de la sortie de son dernier film Paul-Anthony Mille s\u2019est confi\u00e9 sur sa&#8230;<\/p>\n<div class=\"more-link-wrapper\"><a class=\"more-link\" href=\"http:\/\/paulanthonymille.com\/charpentiers\/page-d-exemple\/\">Read the post<span class=\"screen-reader-text\">INTERVIEW<\/span><\/a><\/div>\n","protected":false},"author":1,"featured_media":0,"parent":0,"menu_order":1,"comment_status":"closed","ping_status":"closed","template":"","meta":{"footnotes":""},"class_list":["post-2","page","type-page","status-publish","hentry","excerpt","zoom","full-without-featured","even","excerpt-0"],"_links":{"self":[{"href":"http:\/\/paulanthonymille.com\/charpentiers\/wp-json\/wp\/v2\/pages\/2","targetHints":{"allow":["GET"]}}],"collection":[{"href":"http:\/\/paulanthonymille.com\/charpentiers\/wp-json\/wp\/v2\/pages"}],"about":[{"href":"http:\/\/paulanthonymille.com\/charpentiers\/wp-json\/wp\/v2\/types\/page"}],"author":[{"embeddable":true,"href":"http:\/\/paulanthonymille.com\/charpentiers\/wp-json\/wp\/v2\/users\/1"}],"replies":[{"embeddable":true,"href":"http:\/\/paulanthonymille.com\/charpentiers\/wp-json\/wp\/v2\/comments?post=2"}],"version-history":[{"count":6,"href":"http:\/\/paulanthonymille.com\/charpentiers\/wp-json\/wp\/v2\/pages\/2\/revisions"}],"predecessor-version":[{"id":181,"href":"http:\/\/paulanthonymille.com\/charpentiers\/wp-json\/wp\/v2\/pages\/2\/revisions\/181"}],"wp:attachment":[{"href":"http:\/\/paulanthonymille.com\/charpentiers\/wp-json\/wp\/v2\/media?parent=2"}],"curies":[{"name":"wp","href":"https:\/\/api.w.org\/{rel}","templated":true}]}}

<blockquote class="wp-block-quote is-layout-flow wp-block-quote-is-layout-flow"><p><em>À l’occasion de la sortie de son dernier film Paul-Anthony Mille s’est confié sur sa sensibilité artistique, les coulisses de son film et son engagement cinématographique.&nbsp;</em></p></blockquote>



<p><strong>D’où est venu le projet des Charpentiers de Babel ?</strong></p>



<p>De l’oeuvre de Bernanos et de ses personnages qui combattent un système qui les oppresse. Le personnage du père Gaston Froissard est un prétexte pour parler d’un sujet qui touche au fond tout le monde. Il s’agit de la manière dont nos vocations intimes, personnelles et spirituelles sont aujourd’hui malmenées par un système devenu complètement fou.</p>



<figure class="wp-block-image size-large"><img loading="lazy" decoding="async" width="1024" height="429" src="http://paulanthonymille.com/charpentiers/wp-content/uploads/2022/02/Aours26-1024x429.jpg" alt="" class="wp-image-109" srcset="http://paulanthonymille.com/charpentiers/wp-content/uploads/2022/02/Aours26-1024x429.jpg 1024w, http://paulanthonymille.com/charpentiers/wp-content/uploads/2022/02/Aours26-300x126.jpg 300w, http://paulanthonymille.com/charpentiers/wp-content/uploads/2022/02/Aours26-768x322.jpg 768w, http://paulanthonymille.com/charpentiers/wp-content/uploads/2022/02/Aours26-1536x644.jpg 1536w, http://paulanthonymille.com/charpentiers/wp-content/uploads/2022/02/Aours26-2048x858.jpg 2048w" sizes="auto, (max-width: 1024px) 100vw, 1024px" /></figure>



<p><strong>Comment la production a t-elle commencée&nbsp;</strong>?</p>



<p>Suite à la projection de mon deuxième film <em>Laissons les morts engloutir les morts</em> j’ai pu faire la rencontre de Michel Brière, aumônier des Beaux-Arts de Paris.</p>



<p>Après plusieurs discussions hors du temps mais profondément ancré dans les soucis de notre époque, le père Brière se dessinait à moi comme un personnage à la fois idéaliste, réformiste et visionnaire. Au fur et à mesure de nos discussions, un curieux mélange entre sa sagesse et mon envie d’en découdre avec ce monde plein d’injustice donna naissance au personnage du père Gaston Froissard.</p>



<figure class="wp-block-image size-large"><img loading="lazy" decoding="async" width="1024" height="429" src="http://paulanthonymille.com/charpentiers/wp-content/uploads/2022/02/Aours2-1-1-1024x429.jpg" alt="" class="wp-image-100" srcset="http://paulanthonymille.com/charpentiers/wp-content/uploads/2022/02/Aours2-1-1-1024x429.jpg 1024w, http://paulanthonymille.com/charpentiers/wp-content/uploads/2022/02/Aours2-1-1-300x126.jpg 300w, http://paulanthonymille.com/charpentiers/wp-content/uploads/2022/02/Aours2-1-1-768x322.jpg 768w, http://paulanthonymille.com/charpentiers/wp-content/uploads/2022/02/Aours2-1-1-1536x644.jpg 1536w, http://paulanthonymille.com/charpentiers/wp-content/uploads/2022/02/Aours2-1-1-2048x858.jpg 2048w" sizes="auto, (max-width: 1024px) 100vw, 1024px" /></figure>



<p><strong>L’Église vous a-t’elle soutenu dans ce projet ?</strong></p>



<p>Bien évidemment, sans eux il n’y aurait pas eu ce film. L’Église, comme toute organisation politique est souvent très consciente d’elle-même et de ses erreurs. Le film traite des contradictions qu’il y a à l’intérieur de cette organisation millénaire.</p>



<p>Le père Froissard cherche les racines de l’Eglise, s’échapper du dogme, retrouver la foi ancestrale de ses pères. C’est une métaphore universelle car tout le monde aujourd’hui veut retourner à quelque chose de plus simple et d’essentiel, sinon le monde et ses habitants iront à leur perte …</p>



<p><strong>Pourquoi Jonathan Pineau-Bonetti ?</strong></p>



<figure class="wp-block-image size-large"><img loading="lazy" decoding="async" width="1024" height="429" src="http://paulanthonymille.com/charpentiers/wp-content/uploads/2022/02/Aours22-1024x429.jpg" alt="" class="wp-image-99" srcset="http://paulanthonymille.com/charpentiers/wp-content/uploads/2022/02/Aours22-1024x429.jpg 1024w, http://paulanthonymille.com/charpentiers/wp-content/uploads/2022/02/Aours22-300x126.jpg 300w, http://paulanthonymille.com/charpentiers/wp-content/uploads/2022/02/Aours22-768x322.jpg 768w, http://paulanthonymille.com/charpentiers/wp-content/uploads/2022/02/Aours22-1536x644.jpg 1536w, http://paulanthonymille.com/charpentiers/wp-content/uploads/2022/02/Aours22-2048x858.jpg 2048w" sizes="auto, (max-width: 1024px) 100vw, 1024px" /></figure>



<p>Je ne voulais surtout pas d’un prêtre qui transpire le cléricalisme. Le père Brière me racontait la vie des prêtres ouvriers dans les années soixante, leur engagement et leur radicalité, il y avait là tout un paysage catholique d’une grande diversité qui s’est évidement gentrifié depuis un siècle. J’ai donc très vite pensé à Jonathan, anti-clérical, communiste engagé et anti-capitaliste, il porte en lui une révolte. Il est pour moi la véritable incarnation de ce que devrait être l’engagement des prêtres d’aujourd’hui, à l’image de la figure du Christ : Un véritable anarchiste.</p>



<p><strong>Gaston Froissard n’aime pas le monde moderne apparement ?</strong></p>



<p>Il est moins sévère que cela. Il tente de s’intégrer, de jouer le jeu, mais ça ne semble pas coller. Il côtoie sa sœur et son entourage Parisien qui ont des aspirations très éloignées de ses pré-occupations spirituelles. De manière quasi absurde ils comblent leur absence spirituelle par des week-ends à la campagne qu’ils ritualisent comme les premières cérémonies païennes. Pour Gaston, ce monde moderne s’est égaré, il est revenu à quelque chose de primitif, ancestral mais complètement auto-centré et narcissique. C’est un dialogue complexe qui opère à l’intérieur de Gaston entre le monde moderne et les traditions qui évidemment est plein de contradictions.</p>



<figure class="wp-block-image size-large"><img loading="lazy" decoding="async" width="1024" height="429" src="http://paulanthonymille.com/charpentiers/wp-content/uploads/2022/02/Aours20-1024x429.jpg" alt="" class="wp-image-16" srcset="http://paulanthonymille.com/charpentiers/wp-content/uploads/2022/02/Aours20-1024x429.jpg 1024w, http://paulanthonymille.com/charpentiers/wp-content/uploads/2022/02/Aours20-300x126.jpg 300w, http://paulanthonymille.com/charpentiers/wp-content/uploads/2022/02/Aours20-768x322.jpg 768w, http://paulanthonymille.com/charpentiers/wp-content/uploads/2022/02/Aours20-1536x644.jpg 1536w, http://paulanthonymille.com/charpentiers/wp-content/uploads/2022/02/Aours20-2048x858.jpg 2048w" sizes="auto, (max-width: 1024px) 100vw, 1024px" /></figure>



<p><strong>Les Charpentiers de Babel est donc un film militant ?</strong></p>



<p>C’est un hymne d’amour au militantisme ! Je reste persuadé que l’avenir du cinéma ne se fera que s’il reste engagé et militant. C’est ce qui le différenciera de tous les autres arts audiovisuels. Ce sera la condition sine qua non pour que les auteurs se mettent à faire du cinéma. Le cinéma devra regagner sa légitimité par sa radicalité, et cela correspond aux besoins de de notre siècle. </p>



<figure class="wp-block-image size-large"><img loading="lazy" decoding="async" width="1024" height="429" src="http://paulanthonymille.com/charpentiers/wp-content/uploads/2022/02/Aours31-1024x429.jpg" alt="" class="wp-image-149" srcset="http://paulanthonymille.com/charpentiers/wp-content/uploads/2022/02/Aours31-1024x429.jpg 1024w, http://paulanthonymille.com/charpentiers/wp-content/uploads/2022/02/Aours31-300x126.jpg 300w, http://paulanthonymille.com/charpentiers/wp-content/uploads/2022/02/Aours31-768x322.jpg 768w, http://paulanthonymille.com/charpentiers/wp-content/uploads/2022/02/Aours31-1536x644.jpg 1536w, http://paulanthonymille.com/charpentiers/wp-content/uploads/2022/02/Aours31-2048x858.jpg 2048w" sizes="auto, (max-width: 1024px) 100vw, 1024px" /></figure>



<p><strong>Radicalité spirituelle, cela semble dangereux non ?</strong></p>



<p>Absolument pas et c’est un des sujets important des Charpentiers de Babel.</p>



<p>Ce qui est ennuyeux c’est le prosélytisme, or Gaston Froissard croise certains personnages aux envies d’évangélisation, et on se rend vite compte que ce sont des intentions politiques et non spirituelles qui guident ces personnages. Leur foi est devenu un sentiment tiède ou désespéré.&nbsp;</p>



<p>Or la foi, comme le dit le Curé au début du film est une flamme ardente qui a besoin aujourd’hui d’être re-animée, c’est quelque chose qui sommeille en nous tous et ce n’est qu’en faisant des choix radicaux dans la vie modernisée et aseptisée qu’on peut y accéder.</p>

<p>À l’occasion de la sortie de son dernier film Paul-Anthony Mille s’est confié sur sa&#8230;</p>
<div class="more-link-wrapper"><a class="more-link" href="http://paulanthonymille.com/charpentiers/page-d-exemple/">Read the post<span class="screen-reader-text">INTERVIEW</span></a></div>
